t is 48682762 + -3?
48682759
In base 13, what is 5a42bb3 - a?
5a42ba6
In base 11, what is -118019823 - 3?
-118019826
In base 10, what is 2541079 + -39?
2541040
In base 9, what is 14731 - 42453?
-26622
In base 7, what is -160 + 6003510?
6003320
In base 5, what is -4 - -31434302034?
31434302030
In base 12, what is 2 + -28745370?
-2874536a
In base 11, what is 450604a - 0?
450604a
In base 6, what is 4205242 + 13?
4205255
In base 2, what is -101111000101010 + -1000011?
-101111001101101
In base 3, what is -1000212112111011212 + -11?
-1000212112111012000
In base 13, what is -1 - 1312b9aa?
-1312b9ab
In base 16, what is -3 - -18d5080?
18d507d
In base 11, what is -2296 - 2112?
-43a8
In base 9, what is 10 - -4715883?
4716003
In base 14, what is 8 + 3237bb?
3237c5
In base 5, what is 104 - 141032401?
-141032242
In base 4, what is 2 - -31121110123?
31121110131
In base 15, what is -19905 - 120?
-19a25
In base 2, what is -10 - -1001011101111111001010000?
1001011101111111001001110
In base 7, what is 11460 + 510?
12300
In base 10, what is 15091 - 86?
15005
In base 3, what is -1101000102 - -12122002?
-1011101100
In base 13, what is 2 - -c9737b?
c97380
In base 7, what is 2451215160 + 5?
2451215165
In base 3, what is 11201222112112 - 10?
11201222112102
In base 3, what is 20002222210 - 21220?
20002200220
In base 10, what is 8315468 + 1?
8315469
In base 12, what is -39b + -3673?
-3a52
In base 16, what is -660 + 3934?
32d4
In base 3, what is -1120020 + -2001010111?
-2002200201
In base 13, what is 541 + -14821?
-142b0
In base 7, what is -1131435 + -564?
-1132332
In base 14, what is -4d58 - 578?
-54d2
In base 9, what is -34 - -587502?
587457
In base 7, what is 1106626331 - -1?
1106626332
In base 10, what is -402 + -30179?
-30581
In base 4, what is 3021 + 122101102?
122110123
In base 4, what is 110000131 + -30013?
103310112
In base 14, what is -3ac3425 + -4?
-3ac3429
In base 15, what is -4414e - -b75?
-434c9
In base 11, what is 2a70 - 95a?
2111
In base 11, what is 266257070 + -5?
266257066
In base 7, what is 1124142 - -53?
1124225
In base 9, what is -5702 - 3?
-5705
In base 2, what is 1110011011000010111 + 101?
1110011011000011100
In base 16, what is -3 - 933ab3?
-933ab6
In base 10, what is 367 + -713546?
-713179
In base 12, what is -1b6a - 2aa?
-2258
In base 15, what is -4 + -9a5840?
-9a5844
In base 13, what is 117a0757 + -5?
117a0752
In base 12, what is -105aa8 + -1a?
-105b06
In base 16, what is -2a0c37f + 5?
-2a0c37a
In base 4, what is -2 - -32302210232?
32302210230
In base 10, what is 1550 + 3817?
5367
In base 6, what is 140240 + -3200?
133040
In base 5, what is 20 - -100042003010?
100042003030
In base 14, what is 1076bca - -3?
1076bcd
In base 11, what is 3568 + a6?
3663
In base 9, what is 201 - 88557?
-88356
In base 11, what is -847 - -1480a?
13a73
In base 6, what is -4312113304 + -24?
-4312113332
In base 5, what is -23413213 + 100223?
-23312440
In base 11, what is -79a0576 - 2?
-79a0578
In base 14, what is -8 + 1a9465a?
1a94652
In base 9, what is -27 - -103560155?
103560127
In base 13, what is 1724 + -2a2c1?
-2889a
In base 14, what is -9 - -141d2?
141c7
In base 8, what is 11 + 340041?
340052
In base 3, what is -2211210001221 - -10000?
-2211202221221
In base 14, what is -752 + 1dda?
1688
In base 4, what is -1210 + 331312221?
331311011
In base 8, what is -24604534 - -4?
-24604530
In base 6, what is 11343 - -25052?
40435
In base 12, what is -4bb3 + -2997?
-798a
In base 7, what is 14 - 164423?
-164406
In base 10, what is 16797 - 8308?
8489
In base 3, what is 101101 - -2001122011?
2002000112
In base 6, what is -1505241452 - -5?
-1505241443
In base 11, what is -1 + -3275769?
-327576a
In base 6, what is 2 + -112224110?
-112224104
In base 4, what is 10103333323003 - -3?
10103333323012
In base 3, what is 22021121 + 201110?
100000001
In base 13, what is -92a + -171b?
-2348
In base 13, what is -277 - 2474?
-271b
In base 10, what is -572 + -5710?
-6282
In base 7, what is 12461552 + 631?
12462513
In base 4, what is -1 - -220323103101?
220323103100
In base 16, what is 1746310 - -3?
1746313
In base 10, what is -2382 + -107?
-2489
In base 14, what is -69158 + -14?
-6916c
In base 16, what is -14e06c + -9?
-14e075
In base 13, what is 3bbab - -81?
3bc5c
In base 8, what is 4 + -27660560?
-27660554
In base 14, what is -9790bd + 1?
-9790bc
In base 14, what is 4 + -1404bb5?
-1404bb1
In base 10, what is -2385792 - 51?
-2385843
In base 7, what is -152652 + -10?
-152662
In base 6, what is -4 - 330400232?
-330400240
In base 12, what is -667b0 - 162?
-66952
In base 3, what is 2021022220200 + 10222?
2021100001122
In base 11, what is 3 - -14a5652?
14a5655
In base 8, what is 12364727 - -5?
12364734
In base 7, what is 5503 - 26304?
-20501
In base 15, what is 1468 - -491?
1909
In base 3, what is 200120201110 + -1?
200120201102
In base 10, what is 0 - -15115776?
15115776
In base 8, what is 2 + 1276430045?
1276430047
In base 11, what is -930719a1 + 0?
-930719a1
In base 7, what is 506051 + 153?
506234
In base 8, what is -117604 + 24?
-117560
In base 11, what is -11a2356 - -3?
-11a2353
In base 2, what is 110111010100 - 1011111110100010?
-1011000111001110
In base 5, what is 344001341 - 4?
344001332
In base 9, what is 17 - -54823848?
54823866
In base 2, what is -110110011101111011001 + 11?
-110110011101111010110
In base 12, what is 13466b + 48?
1346b7
In base 4, what is -1213 - -20312320?
20311101
In base 16, what is -5b - 4e696?
-4e6f1
In base 11, what is -1 - -145a64?
145a63
In base 2, what is -1101010100111111 - -1000010111?
-1101001100101000
In base 16, what is -54a2 - -a16?
-4a8c
In base 7, what is -42 - 5233265?
-5233340
In base 15, what is -14d + -49084?
-491d2
In base 2, what is -1100101100 - -100101000110?
11000011010
In base 11, what is 8a533 - -3?
8a536
In base 12, what is -1 + 171851b4?
171851b3
In base 2, what is -1000100110000000 - 11111011010101?
-1100100001010101
In base 6, what is 4030055323 - 1?
4030055322
In base 14, what is -c8 + -19454?
-1953c
In base 4, what is 3 + -201322133302?
-201322133233
In base 2, what is -1000011011111111000010 + -1101?
-1000011011111111001111
In base 8, what is -235127 + -52?
-235201
In base 7, what is -11364 - 3424051?
-3435445
In base 12, what is 73a + 20199?
20917
In base 2, what is -10010 - 1010101110011100?
-1010101110101110
In base 9, what is 678 + 8204?
8883
In base 11, what is 14730 + 3?
14733
In base 2, what is -101 + -1001101010101111101000?
-1001101010101111101101
In base 15, what is -c - 386da0a?
-386da17
In base 5, what is 1 - -42100240232?
42100240233
In base 2, what is -1101111100110110101100100100 - 1?
-1101111100110110101100100101
In base 3, what is -11 - 11210222210102?
-11210222210120
In base 7, what is -1531215 + 10666?
-1520216
In base 7, what is 26504015 - 4?
26504011
In base 13, what is 39b - a3747?
-a3379
In base 14, what is -2 + 72b1786?
72b1784
In base 7, what is -300353 + -226?
-300612
In base 7, what is -20306 - -34265?
13656
In base 16, what is -d9a + -6430?
-71ca
In base 13, what is 4 + -9a9514?
-9a9510
In base 7, what is -2542103041 + 3?
-2542103035
In base 8, what is 6531 - 42103?
-33352
In base 10, what is -2310515 + -66?
-2310581
In base 15, what is 1 + c3b2c3?
c3b2c4
In base 13, what is 7 - 13887438?
-13887431
In base 15, what is 1725e2b + -5?
1725e26
In base 3, what is -1011221102 - -1121112110?
102121001
In base 11, what is -3a493 - -482a?
-35764
In base 4, what is 21 - -21330301113?
21330301200
In base 14, what is 5 - 882714?
-88270d
In base 15, what is -2a + -107e0e?
-107e39
In base 12, what is 16169456 - 1?
16169455
In base 6, what is -14245132435 + 0?
-14245132435
In base 14, what is -7 - -75dac43?
75dac3a
In base 13, what is -1595b - 771?
-163cc
In base 16, what is -51c760 - -5?
-51c75b
In base 2, what is -110110011101010110010001 - 101?
-110110011101010110010110
In base 9, what is 30 - 8023147?
-8023117
In base 4, what is 330 - 23120011320?
-23120010330
In base 10, what is 1253999 - -3?
1254002
In base 16, what is 888f + 3c?
88cb
In base 6, what is 1245 + 23340?
25025
In base 8, what is -30447667 - -2?
-30447665
In base 10, what is -68 + 496068?
496000
In base 2, what is 1010011000010010101101010 - -110?
1010011000010010101110000
In base 8, what is 11215357 - -6?
11215365
In base 15, what is 1039d83 - 36?
10